 digit of 5577?
5
What is the hundreds digit of 89080?
0
What is the thousands digit of 4999?
4
What is the thousands digit of 3754?
3
What is the units digit of 421?
1
What is the tens digit of 7199?
9
What is the units digit of 1877?
7
What is the ten thousands digit of 18677?
1
What is the tens digit of 20809?
0
What is the units digit of 12300?
0
What is the thousands digit of 47339?
7
What is the units digit of 925?
5
What is the units digit of 7580?
0
What is the hundreds digit of 687?
6
What is the tens digit of 1192?
9
What is the units digit of 43802?
2
What is the ten thousands digit of 85119?
8
What is the hundreds digit of 5441?
4
What is the hundreds digit of 1127?
1
What is the units digit of 767?
7
What is the tens digit of 8228?
2
What is the hundreds digit of 1075?
0
What is the hundreds digit of 94142?
1
What is the tens digit of 8339?
3
What is the units digit of 32272?
2
What is the units digit of 12006?
6
What is the units digit of 71527?
7
What is the tens digit of 468?
6
What is the units digit of 21375?
5
What is the tens digit of 1184?
8
What is the units digit of 17346?
6
What is the tens digit of 95832?
3
What is the hundred thousands digit of 103426?
1
What is the thousands digit of 47711?
7
What is the thousands digit of 30832?
0
What is the tens digit of 602?
0
What is the ten thousands digit of 45590?
4
What is the units digit of 6206?
6
What is the ten thousands digit of 88277?
8
What is the tens digit of 1918?
1
What is the hundreds digit of 106110?
1
What is the hundreds digit of 1677?
6
What is the tens digit of 47?
4
What is the hundreds digit of 4546?
5
What is the thousands digit of 38088?
8
What is the ten thousands digit of 81173?
8
What is the hundreds digit of 313?
3
What is the units digit of 26261?
1
What is the hundreds digit of 72846?
8
What is the ten thousands digit of 28455?
2
What is the tens digit of 662?
6
What is the tens digit of 9892?
9
What is the ten thousands digit of 14377?
1
What is the units digit of 815?
5
What is the thousands digit of 13389?
3
What is the ten thousands digit of 13385?
1
What is the thousands digit of 1760?
1
What is the tens digit of 76386?
8
What is the tens digit of 127256?
5
What is the tens digit of 3108?
0
What is the tens digit of 10090?
9
What is the hundreds digit of 483?
4
What is the tens digit of 16787?
8
What is the tens digit of 720?
2
What is the units digit of 647?
7
What is the thousands digit of 1474?
1
What is the units digit of 97542?
2
What is the hundreds digit of 161?
1
What is the hundreds digit of 961?
9
What is the units digit of 6511?
1
What is the hundreds digit of 630?
6
What is the units digit of 12111?
1
What is the units digit of 67407?
7
What is the ten thousands digit of 23482?
2
What is the thousands digit of 18918?
8
What is the units digit of 48442?
2
What is the units digit of 4829?
9
What is the hundreds digit of 1104?
1
What is the hundreds digit of 2938?
9
What is the tens digit of 11889?
8
What is the ten thousands digit of 132477?
3
What is the units digit of 9301?
1
What is the hundreds digit of 39120?
1
What is the tens digit of 9316?
1
What is the hundreds digit of 4144?
1
What is the tens digit of 428?
2
What is the hundreds digit of 3035?
0
What is the units digit of 2973?
3
What is the ten thousands digit of 16520?
1
What is the tens digit of 4574?
7
What is the tens digit of 16721?
2
What is the thousands digit of 21953?
1
What is the hundreds digit of 5464?
4
What is the ten thousands digit of 75633?
7
What is the hundreds digit of 24573?
5
What is the thousands digit of 25255?
5
What is the units digit of 115875?
5
What is the hundreds digit of 37642?
6
What is the tens digit of 3992?
9
What is the hundreds digit of 388?
3
What is the units digit of 10386?
6
What is the hundreds digit of 3707?
7
What is the hundreds digit of 95045?
0
What is the thousands digit of 6678?
6
What is the units digit of 69375?
5
What is the hundreds digit of 139?
1
What is the tens digit of 168?
6
What is the tens digit of 12660?
6
What is the hundreds digit of 12966?
9
What is the thousands digit of 1388?
1
What is the hundreds digit of 5687?
6
What is the tens digit of 499?
9
What is the tens digit of 31?
3
What is the tens digit of 155?
5
What is the tens digit of 450?
5
What is the units digit of 1223?
3
What is the thousands digit of 17113?
7
What is the units digit of 7450?
0
What is the thousands digit of 8045?
8
What is the thousands digit of 37787?
7
What is the units digit of 42786?
6
What is the hundreds digit of 190165?
1
What is the tens digit of 328?
2
What is the units digit of 6061?
1
What is the tens digit of 257?
5
What is the hundreds digit of 777?
7
What is the units digit of 1505?
5
What is the hundreds digit of 15978?
9
What is the tens digit of 1306?
0
What is the units digit of 24670?
0
What is the ten thousands digit of 77073?
7
What is the tens digit of 18147?
4
What is the tens digit of 672?
7
What is the thousands digit of 2580?
2
What is the tens digit of 1397?
9
What is the tens digit of 1387?
8
What is the tens digit of 97218?
1
What is the hundreds digit of 663?
6
What is the hundreds digit of 129795?
7
What is the units digit of 686?
6
What is the units digit of 36937?
7
What is the tens digit of 52547?
4
What is the tens digit of 479?
7
What is the thousands digit of 7982?
7
What is the thousands digit of 2986?
2
What is the tens digit of 91960?
6
What is the hundreds digit of 1305?
3
What is the hundreds digit of 7168?
1
What is the hundreds digit of 12480?
4
What is the units digit of 21249?
9
What is the units digit of 52604?
4
What is the hundreds digit of 1078?
0
What is the tens digit of 4174?
7
What is the tens digit of 5231?
3
What is the tens digit of 24499?
9
What is the thousands digit of 1081?
1
What is the units digit of 80875?
5
What is the tens digit of 209?
0
What is the hundreds digit of 313?
3
What is the units digit of 138456?
6
What is the units digit of 10223?
3
What is the units digit of 383?
3
What is the thousands digit of 1067?
1
What is the tens digit of 113?
1
What is the hundreds digit of 6320?
3
What is the tens digit of 724?
2
What is the tens digit of 71979?
7
What is the units digit of 4358?
8
What is the hundreds digit of 1423?
4
What is the hundreds digit of 46844?
8
What is the hundreds digit of 588?
5
What is the tens digit of 1028?
2
What is the tens digit of 2338?
3
What is the units digit of 3036?
6
What is the units digit of 5087?
7
What is the tens digit of 10129?
2
What is the hundreds digit of 7858?
8
What is the units digit of 14039?
9
What is the tens digit of 9650?
5
What is the tens digit of 5811?
1
What is the tens digit of 202?
0
What is the tens digit of 1153?
5
What is the tens digit of 1817?
1
What is the units digit of 356?
6
What is the hundreds digit of 13115?
1
What is the ten thousands digit of 46495?
4
What is the hundreds digit of 6471?
4
What is the tens digit of 9859?
5
What is the units digit of 97636?
6
What is the tens digit of 12438?
3
What is the ten thousands digit of 39517?
3
What is the hundreds digit of 778?
7
What is the units digit of 8149?
9
What is the tens digit of 2685?
8
What is the tens digit of 661?
6
What is the hundreds digit of 8689?
6
What is the units digit of 1355?
5
What is the tens digit of 505?
0
What is the ten thousands digit of 21677?
2
What is the tens digit of 3068?
6
What is the hundreds digit of 979?
9
What is the units digit of 15583?
3
What is the tens digit of 597?
9
What is the hundred thousands digit of 104584?
1
What is the hundreds digit of 54473?
4
What is the thousands digit of 85679?
5
What is the thousands digit of 2334?
2
What is the units digit of 2824?
4
What is the hundreds digit of 2067?
0
What is the tens digit of 8255?
5
What is the hundreds digit of 190181?
1
What is the thousands digit of 8784?
8
What is the thousands digit of 1988?
1
What is the ten thousands digit of 34170?
3
What is the units digit of 38313?
3
What is the units digit of 420?
0
What is the tens digit of 1699?
9
What is the thousands digit of 77515?
7
What is the units digit of 11291?
1
What is the thousands digit of 8210?
8
What is the units digit of 871?
1
What is the ten thousands digit of 121768?
2
What is the te